293?
False
Is 175176704 a multiple of 928?
True
Does 6 divide 28994436?
True
Does 16 divide 9837422?
False
Is 18 a factor of 8345484?
True
Does 57 divide 28088196?
False
Is 131763252 a multiple of 114?
True
Does 74 divide 609131740?
True
Is 1366955660 a multiple of 59?
True
Is 44049738 a multiple of 597?
False
Is 151613635 a multiple of 79?
False
Is 228766339 a multiple of 23?
False
Is 19 a factor of 13508202?
True
Does 271 divide 67027243?
True
Is 78147576 a multiple of 3152?
False
Is 201980826 a multiple of 1303?
False
Does 474 divide 19825524?
True
Is 37447538 a multiple of 49?
False
Is 1248 a factor of 123191328?
True
Does 504 divide 277183909?
False
Does 17 divide 161149613?
True
Is 35098693 a multiple of 119?
True
Is 1114630310 a multiple of 48?
False
Is 90 a factor of 536170277?
False
Is 8 a factor of 15721826?
False
Does 200 divide 568111535?
False
Is 9 a factor of 739585503?
True
Does 4811 divide 1144758206?
True
Does 27 divide 493937514?
True
Is 11 a factor of 12614175?
False
Does 242 divide 2207843?
False
Does 185 divide 32111375?
True
Is 19706607 a multiple of 93?
True
Does 5 divide 28916225?
True
Is 1847780393 a multiple of 53?
True
Does 524 divide 150854884?
True
Does 894 divide 59194050?
False
Is 38308390 a multiple of 571?
True
Is 61203600 a multiple of 100?
True
Is 2078 a factor of 400837748?
False
Does 14 divide 389760700?
True
Does 39 divide 53192606?
False
Is 478802598 a multiple of 44?
False
Does 9 divide 23595732?
True
Does 4323 divide 22436370?
True
Does 1253 divide 137284945?
True
Is 11 a factor of 374620089?
False
Is 5 a factor of 3092990?
True
Is 88595688 a multiple of 33?
False
Does 16 divide 100164320?
True
Is 830385708 a multiple of 12?
True
Does 39 divide 1403887563?
True
Is 1144966466 a multiple of 2010?
False
Is 15 a factor of 1331117730?
True
Is 8 a factor of 94204272?
True
Is 68561927 a multiple of 49?
True
Does 220 divide 426140?
True
Is 73676447 a multiple of 324?
False
Is 15 a factor of 978615735?
True
Is 4549887 a multiple of 139?
True
Does 8 divide 6769584?
True
Is 23512314 a multiple of 1939?
True
Does 30 divide 4784190870?
True
Is 61093491 a multiple of 321?
False
Is 77 a factor of 432872055?
True
Does 54 divide 3318713?
False
Is 360530556 a multiple of 17?
False
Does 144 divide 49257648?
True
Is 38820710 a multiple of 24?
False
Does 16 divide 11367728?
True
Is 24774180 a multiple of 10?
True
Is 39171794 a multiple of 84?
False
Is 2664769530 a multiple of 352?
False
Is 262908955 a multiple of 5065?
True
Is 39311514 a multiple of 3?
True
Does 64 divide 668992?
True
Does 11 divide 13252994?
False
Does 11 divide 84883084?
True
Does 3 divide 10063596?
True
Is 807700168 a multiple of 8?
True
Does 167 divide 3316898222?
True
Does 33 divide 209499960?
False
Does 309 divide 39377849?
False
Does 352 divide 53214965?
False
Is 1133 a factor of 922342876?
False
Is 3140 a factor of 47602400?
True
Does 394 divide 559814112?
True
Is 198 a factor of 89561934?
True
Is 16184304 a multiple of 501?
True
Is 3645427210 a multiple of 15?
False
Is 1311 a factor of 412148247?
True
Is 2439661837 a multiple of 642?
False
Does 36 divide 45302167?
False
Is 995820004 a multiple of 202?
True
Is 42583530 a multiple of 165?
True
Is 95495209 a multiple of 3?
False
Is 11571 a factor of 139719825?
True
Does 52 divide 2781713428?
True
Is 18 a factor of 233209080?
True
Is 34358450 a multiple of 7?
True
Is 1071770596 a multiple of 334?
True
Is 3 a factor of 86325248?
False
Is 5 a factor of 1480972890?
True
Does 7 divide 4397956?
False
Does 3 divide 6557128?
False
Is 8 a factor of 2996674936?
True
Does 12 divide 20654031?
False
Is 248 a factor of 584134488?
True
Is 439713000 a multiple of 375?
True
Does 4 divide 2700354?
False
Is 34 a factor of 596107390?
False
Does 8 divide 17082504?
True
Does 197 divide 216953755?
False
Is 3595102290 a multiple of 8601?
False
Is 1337 a factor of 43844241?
True
Is 35369608 a multiple of 4?
True
Does 3883 divide 90633103?
True
Is 64 a factor of 57516032?
True
Does 273 divide 632590626?
False
Is 420 a factor of 91535056?
False
Is 24 a factor of 665586048?
True
Does 177 divide 138897210?
True
Is 41 a factor of 31156597?
True
Does 60 divide 67331946?
False
Is 2733459720 a multiple of 3455?
False
Is 60848547 a multiple of 69?
True
Does 8 divide 1344369656?
True
Is 115 a factor of 9034926?
False
Is 805974110 a multiple of 10?
True
Does 1100 divide 623871600?
True
Does 62 divide 1334187355?
False
Does 137 divide 53296288?
True
Is 226 a factor of 25359686?
True
Does 319 divide 206332390?
True
Does 42 divide 9509096?
False
Does 635 divide 432447700?
True
Is 13020525 a multiple of 321?
False
Is 1103748816 a multiple of 464?
True
Is 28 a factor of 939716120?
True
Does 9362 divide 2455296844?
True
Does 37 divide 241628636?
False
Is 15511749 a multiple of 470?
False
Is 112310459 a multiple of 269?
True
Is 1455255076 a multiple of 2744?
False
Is 167212770 a multiple of 5?
True
Is 117293680 a multiple of 6258?
False
Is 560419464 a multiple of 1299?
False
Is 261 a factor of 20008992?
False
Does 773 divide 877852812?
True
Does 14 divide 5008284050?
True
Is 103 a factor of 2188065256?
True
Is 185396203 a multiple of 34?
False
Is 101006067 a multiple of 718?
False
Does 215 divide 813864079?
False
Is 541 a factor of 10604141?
True
Is 11 a factor of 421589025?
True
Is 1587 a factor of 720220913?
False
Is 2743672521 a multiple of 237?
False
Does 589 divide 4236677?
True
Is 55 a factor of 6973916066?
False
Is 1191023290 a multiple of 345?
False
Does 342 divide 783604399?
False
Does 159 divide 1854831?
False
Does 15 divide 186255599?
False
Is 301413986 a multiple of 213?
False
Is 17425820 a multiple of 269?
True
Is 1031435380 a multiple of 151?
False
Is 97 a factor of 259972009?
False
Is 50758652 a multiple of 22?
False
Is 25831922 a multiple of 389?
False
Is 37 a factor of 4839933?
True
Is 3188 a factor of 1151121072?
False
Is 877885958 a multiple of 13?
False
Does 1694 divide 380168943?
False
Does 2933 divide 4428309739?
False
Is 3825562086 a multiple of 58?
True
Is 811450336 a multiple of 96?
False
Is 35 a factor of 376035660?
True
Does 27 divide 21091473?
False
Does 5 divide 66014375?
True
Is 18554040 a multiple of 36?
True
Does 3 divide 13520968?
False
Is 13 a factor of 567333101?
False
Is 3358 a factor of 306363772?
True
Is 30547692 a multiple of 189?
True
Is 68 a factor of 361541911?
False
Is 4626 a factor of 65175714?
True
Does 8 divide 100859888?
True
Is 86 a factor of 65597016?
True
Is 4 a factor of 311782?
False
Is 116 a factor of 408195068?
True
Is 5723065 a multiple of 76?
False
Does 9 divide 28471944?
False
Is 2 a factor of 140419284?
True
Is 36 a factor of 2652219197?
False
Is 31213664 even?
True
Is 99 a factor of 699765968?
False
Is 81639775 a multiple of 413?
True
Does 949 divide 866766850?
False
Is 52996813 a multiple of 757?
True
Is 167 a factor of 54977068?
True
Is 64 a factor of 113939136?
True
Is 57633688 a multiple of 56?
True
Is 25418610 a multiple of 21?
True
Is 11 a factor of 9574741?
True
Is 122 a factor of 94014908?
True
Does 787 divide 5289392372?
True
Does 42 divide 1027524918?
True
Is 805925 a multiple of 25?
True
Is 230500115 a multiple of 13?
False
Does 1785 divide 114343530?
True
Is 646 a factor of 128082575?
False
Is 11 a factor of 303572905?
False
Does 103 divide 3463606703?
False
Is 141350656 a multiple of 4736?
True
Is 10 a factor of 19783850?
True
Does 136 divide 55444526?
False
Is 204033984 a multiple of 5698?
True
Does 167 divide 853545?
False
Is 298 a factor of 29640272?
True
Does 322 divide 28734314?
True
Is 20 a factor of 75239697?
False
Is 2010 a factor of 191812777?
False
Is 66079567 a multiple of 410?
False
Is 964 a factor of 5231246256?
True
Is 2202609 a multiple of 255?
False
Does 16 divide 24934256?
True
Is 346428140 a multiple of 20?
True
Is 98617947 a multiple of 20?
False
Is 510 a factor of 5744878304?
False
Is 543132232 a multiple of 4262?
True
Is 509477875 a multiple of 6?
False
Does 3 divide 56409850?
False
Is 2388851 a multiple of 44?
False
Is 61 a factor of 135664765?
False
Is 38 a factor of 58648887?
False
Does 179 divide 176325902?
False
Is 1303 a factor of 298733615?
False
Is 298 a factor of 23210606?
False
Does 37 divide 57783381?
True
Is 37830168 a multiple of 1054